{"id":2306,"date":"2023-01-27T13:21:48","date_gmt":"2023-01-27T12:21:48","guid":{"rendered":"https:\/\/garamingatlan.hu\/?page_id=2306"},"modified":"2023-03-01T00:49:36","modified_gmt":"2023-02-28T23:49:36","slug":"impresszum","status":"publish","type":"page","link":"https:\/\/garamingatlan.hu\/ertekbecsles\/impresszum\/","title":{"rendered":"Impresszum"},"content":{"rendered":"\t\t<div data-elementor-type=\"wp-page\" data-elementor-id=\"2306\" class=\"elementor elementor-2306\">\n\t\t\t\t\t\t<section class=\"elementor-section elementor-top-section elementor-element elementor-element-746762ba elementor-section-content-middle elementor-section-full_width elementor-section-height-default elementor-section-height-default\" data-id=\"746762ba\" data-element_type=\"section\" data-e-type=\"section\" data-settings=\"{&quot;background_background&quot;:&quot;classic&quot;}\">\n\t\t\t\t\t\t<div class=\"elementor-container elementor-column-gap-default\">\n\t\t\t\t\t<div class=\"elementor-column elementor-col-50 elementor-top-column elementor-element elementor-element-7c81c197\" data-id=\"7c81c197\" data-element_type=\"column\" data-e-type=\"column\">\n\t\t\t<div class=\"elementor-widget-wrap\">\n\t\t\t\t\t\t\t<\/div>\n\t\t<\/div>\n\t\t\t\t<div class=\"elementor-column elementor-col-50 elementor-top-column elementor-element elementor-element-116effa7\" data-id=\"116effa7\" data-element_type=\"column\" data-e-type=\"column\">\n\t\t\t<div class=\"elementor-widget-wrap elementor-element-populated\">\n\t\t\t\t\t\t<div class=\"elementor-element elementor-element-1b67dd1 elementor-widget elementor-widget-text-editor\" data-id=\"1b67dd1\" data-element_type=\"widget\" data-e-type=\"widget\" data-widget_type=\"text-editor.default\">\n\t\t\t\t<div class=\"elementor-widget-container\">\n\t\t\t\t\t\t\t\t\t<p><a href=\"http:\/\/garamingatlan.hu\/fooldal\">F\u0151oldal<\/a><\/p>\t\t\t\t\t\t\t\t<\/div>\n\t\t\t\t<\/div>\n\t\t\t\t\t<\/div>\n\t\t<\/div>\n\t\t\t\t\t<\/div>\n\t\t<\/section>\n\t\t\t\t<section class=\"elementor-section elementor-top-section elementor-element elementor-element-0cbc08e elementor-section-full_width elementor-section-height-default elementor-section-height-default\" data-id=\"0cbc08e\" data-element_type=\"section\" data-e-type=\"section\" data-settings=\"{&quot;background_background&quot;:&quot;classic&quot;}\">\n\t\t\t\t\t\t<div class=\"elementor-container elementor-column-gap-default\">\n\t\t\t\t\t<div class=\"elementor-column elementor-col-100 elementor-top-column elementor-element elementor-element-5ad8f76\" data-id=\"5ad8f76\" data-element_type=\"column\" data-e-type=\"column\">\n\t\t\t<div class=\"elementor-widget-wrap elementor-element-populated\">\n\t\t\t\t\t\t<div class=\"elementor-element elementor-element-16e6e21 elementor-widget elementor-widget-text-editor\" data-id=\"16e6e21\" data-element_type=\"widget\" data-e-type=\"widget\" data-widget_type=\"text-editor.default\">\n\t\t\t\t<div class=\"elementor-widget-container\">\n\t\t\t\t\t\t\t\t\t<p style=\"text-align: center;\"><strong>Impresszum<\/strong><\/p><ol><li><p><span style=\"text-decoration: underline;\">A KAPCSOLATTART\u00c1S FORM\u00c1JA<\/span><\/p><\/li><\/ol><p>A Garami Bal\u00e1zs EV. az \u00fcgyfeleivel \u00e9s \u00e9rdekl\u0151d\u0151ivel els\u0151sorban e-mailen kereszt\u00fcl \u00e9s telefonon tartja a kapcsolatot, a kapcsolati szekci\u00f3ban megadott el\u00e9rhet\u0151s\u00e9geken.<\/p><ol start=\"2\"><li><p><span style=\"text-decoration: underline;\">AZ \u00dcZEMELTET\u0150 ADATAI<\/span><\/p><\/li><\/ol><p>Az \u00fczemeltet\u0151 neve: Garami Bal\u00e1zs EV.<\/p><p>Az \u00fczemeltet\u0151 sz\u00e9khelye: 2360 Gy\u00e1l, De\u00e1k Ferenc utca 73.<\/p><ol start=\"3\"><li><p><span style=\"text-decoration: underline;\">AZ \u00dcZEMELTET\u0150 WEBOLDAL\u00c1NAK T\u00c1RHELYSZOLG\u00c1LTAT\u00d3JA<\/span><\/p><\/li><\/ol><p>A weboldalak t\u00e1rhelyszolg\u00e1ltat\u00f3ja a Sybell Informatika Kft.<\/p><p>\u2013 sz\u00e9khely: 1158 Budapest, K\u00e9sm\u00e1rk u. 7\/B 2. em. 206.<\/p><p>\u2013 telefon: +36 1 707 67 26<\/p><p>\u2013 e-mail: hello @ sybell.hu<\/p>\t\t\t\t\t\t\t\t<\/div>\n\t\t\t\t<\/div>\n\t\t\t\t\t<\/div>\n\t\t<\/div>\n\t\t\t\t\t<\/div>\n\t\t<\/section>\n\t\t\t\t<\/div>\n\t\t","protected":false},"excerpt":{"rendered":"<p>F\u0151oldal Impresszum A KAPCSOLATTART\u00c1S FORM\u00c1JA A Garami Bal\u00e1zs EV. az \u00fcgyfeleivel \u00e9s \u00e9rdekl\u0151d\u0151ivel els\u0151sorban e-mailen kereszt\u00fcl \u00e9s telefonon tartja a kapcsolatot, a kapcsolati szekci\u00f3ban megadott el\u00e9rhet\u0151s\u00e9geken. AZ \u00dcZEMELTET\u0150 ADATAI Az \u00fczemeltet\u0151 neve: Garami Bal\u00e1zs EV. Az \u00fczemeltet\u0151 sz\u00e9khelye: 2360 Gy\u00e1l, De\u00e1k Ferenc utca 73. AZ \u00dcZEMELTET\u0150 WEBOLDAL\u00c1NAK T\u00c1RHELYSZOLG\u00c1LTAT\u00d3JA A weboldalak t\u00e1rhelyszolg\u00e1ltat\u00f3ja a Sybell Informatika Kft. &#8230; <a title=\"Impresszum\" class=\"read-more\" href=\"https:\/\/garamingatlan.hu\/ertekbecsles\/impresszum\/\" aria-label=\"Read more about Impresszum\">Olvass tov\u00e1bb<\/a><\/p>\n","protected":false},"author":1,"featured_media":0,"parent":0,"menu_order":0,"comment_status":"closed","ping_status":"closed","template":"elementor_canvas","meta":{"footnotes":""},"class_list":["post-2306","page","type-page","status-publish"],"_links":{"self":[{"href":"https:\/\/garamingatlan.hu\/ertekbecsles\/wp-json\/wp\/v2\/pages\/2306","targetHints":{"allow":["GET"]}}],"collection":[{"href":"https:\/\/garamingatlan.hu\/ertekbecsles\/wp-json\/wp\/v2\/pages"}],"about":[{"href":"https:\/\/garamingatlan.hu\/ertekbecsles\/wp-json\/wp\/v2\/types\/page"}],"author":[{"embeddable":true,"href":"https:\/\/garamingatlan.hu\/ertekbecsles\/wp-json\/wp\/v2\/users\/1"}],"replies":[{"embeddable":true,"href":"https:\/\/garamingatlan.hu\/ertekbecsles\/wp-json\/wp\/v2\/comments?post=2306"}],"version-history":[{"count":0,"href":"https:\/\/garamingatlan.hu\/ertekbecsles\/wp-json\/wp\/v2\/pages\/2306\/revisions"}],"wp:attachment":[{"href":"https:\/\/garamingatlan.hu\/ertekbecsles\/wp-json\/wp\/v2\/media?parent=2306"}],"curies":[{"name":"wp","href":"https:\/\/api.w.org\/{rel}","templated":true}]}}